se 3*z = 3*h + 418 + 704, 4*z + d*h = 1541. Is z composite?
False
Is (-2)/(-6)*(85032/2 - -3) a composite number?
False
Let m = -27 + 21. Let b(l) = -306*l - 19. Is b(m) prime?
False
Let j(r) = r**3 + 5*r**2 - 6*r - 3*r + 2*r**2 + r. Let d be j(-8). Is (98 + d)*2/4 a prime number?
False
Is 158*25 - 4 - 0 a prime number?
False
Let g = -314 - -731. Is g a prime number?
False
Let b(v) = 3*v**3 - 18*v**2 - 89*v - 27. Is b(22) composite?
False
Let l = -5380 - -2754. Let z = 416 - l. Is z/13 - -1*1 a prime number?
False
Let y(z) = -z**3 - z**2 - 1. Suppose 2*m - 4 = -2. Let i(h) = 13*h**3 - 5*h**2 - 2*h + 2. Let o(g) = m*i(g) - 3*y(g). Is o(3) a prime number?
False
Let m(f) = -f**2 - 11*f - 17. Let a be m(-12). Let s = 13 - -69. Let k = s + a. Is k composite?
False
Let a = 54737 - 33906. Is a a prime number?
False
Suppose -26*v = -22*v - 44728. Is v prime?
False
Let s(t) = t**2 - 8*t + 16. Let r be s(6). Let b(w) = 57*w**2 - w + 3. Is b(r) a prime number?
True
Suppose 3*x - 3*l - 21 = 0, 0 = 3*x + 2*l - 15 + 4. Suppose u - x*t + 1352 = -691, 4*u + 8196 = -4*t. Is u/(-10) + 1/5 a prime number?
False
Suppose -3*j + 63855 = 12*j. Suppose 2*a - 3*a - 4*y + j = 0, 3*a = y + 12797. Is a prime?
False
Suppose 3*p - 5*v = 8*p - 18265, 0 = -4*v + 16. Is p composite?
True
Let c be ((-18)/(-12))/((-2)/4). Let y be (2/4)/(c/(-504)). Suppose -3*h + y = -795. Is h a composite number?
False
Suppose 17*z - 10946 + 2633 = 0. Is z prime?
False
Suppose f + 47 = 5*a, -4*f - 8 = a - 3*a. Is (0 + a/8)/((-3)/(-4044)) composite?
True
Let n(t) = -8292*t - 17. Is n(-5) a composite number?
False
Let x = 7258 + -4055. Is x composite?
False
Let l be (0 + 9/(-15))/(1/(-2735)). Suppose -4*p - l = -3*k - 0*k, -4*p = 4*k - 2216. Is k prime?
False
Suppose 0 = -q - 1 + 6. Suppose 3*p - q*k - 5407 = 0, -3*p + 2*k + 904 + 4497 = 0. Is p composite?
True
Let w be ((-4)/3)/((-2)/4746). Suppose 0 = 9*s - 1309 - w. Is s composite?
True
Suppose 0 = 3*z - 4*z + 191. Suppose -2*s + 17 = p, 0 = -3*p - 6*s + 3*s + 39. Is 3/p*3*z composite?
False
Let a = -8692 + 12459. Suppose 0*w - 947 = -w - 4*y, -4*w + 5*y + a = 0. Is w a prime number?
False
Suppose 11445 = 4*y - 1751. Is y prime?
True
Let c = -1 + 8. Let r = 4 - c. Let q(l) = -318*l - 1. Is q(r) prime?
True
Let m(w) = -w**3 + 10*w**2 - 17*w + 12. Let a be m(8). Suppose -n + a*n = 273. Is n a prime number?
False
Let l = -625 - -2570. Is l prime?
False
Suppose -2153 + 775 = 2*f. Let m = -386 - f. Is m prime?
False
Let u(g) = -g**3 - 12*g**2 + 15*g + 22. Let r be u(-13). Let a(f) = 10*f**3 + 2*f**2 - f + 2. Let n be a(r). Is n/(-26) + 2/(-13) prime?
True
Let i(s) = s + 9. Suppose 3*d + 5*m = -40, -2*d + 0*d = -4*m - 10. Let r be i(d). Suppose 0 = -r*x + 1 + 51. Is x prime?
True
Let d(u) = u + 13. Let r be d(-9). Suppose 4*l + 3*y = 2*y + 26, -r*l = -4*y - 36. Let i(a) = -a**3 + 11*a**2 - 6*a - 5. Is i(l) composite?
False
Let y(x) = -3*x**2 + 7 + x**3 - 42*x + 81*x - 40*x. Is y(10) prime?
False
Let t be (-143)/(-33) + (-2)/(-3). Suppose t*s = -63 + 1608. Is s prime?
False
Let z be 1*(-2)/(-8) + (-86265)/(-12). Suppose 0 = -2*c + 9*c - z. Is c a prime number?
False
Let h(s) = 75*s**2 + 31*s - 151. Is h(17) a prime number?
True
Suppose 6 = -3*w - 4*n - 4, 0 = 5*w + n + 28. Let i = w + 9. Suppose -i*x = -3*v - 771, -x - v + 257 = -0*x. Is x prime?
True
Let p(l) = 5*l**2 - 11*l - 24. Is p(-7) a prime number?
False
Let z(y) = -42*y**2 - y. Let f be (3/(-2))/((-9)/(-6)). Let w be z(f). Let h = 78 + w. Is h a prime number?
True
Suppose -5*p + 28 = z - 2*z, 4*p - 32 = -4*z. Let k = -2 + p. Suppose 3*x - 4*m = -2*m + 47, -k*m - 55 = -3*x. Is x prime?
True
Let j(c) = 9*c**2 - 20*c + 18. Let x be j(9). Suppose -4661 = -2*n - x. Is n a composite number?
True
Suppose 0 = 121*d - 136*d + 65955. Is d a composite number?
False
Let k(r) = r**3 + 26*r**2 - 43*r + 33. Is k(-20) composite?
True
Suppose -147891 + 25706 = -5*b. Is b a composite number?
True
Suppose 23 = -25*w + 26*w. Let i = -51 + w. Is 422*(4 + i/8) a prime number?
True
Let k = -308 + 5025. Is k composite?
True
Suppose -771 - 1339 = 5*s. Let j = s + 975. Is j a prime number?
False
Suppose 6*j = 9*j - 75. Suppose 3*k + 3*v - 335 = 592, j = -5*v. Is k a prime number?
False
Suppose -19 = 5*m + 2*r, 0*m - 5*m + r - 13 = 0. Is 46*1/(4 + m) composite?
True
Let g = 25 + -21. Suppose 3*q - 2 = g. Suppose 0 = -q*j + 86 + 268. Is j composite?
True
Suppose -3*o + 2*o = 3*f - 134, -4*f = 5*o - 703. Is o prime?
False
Let m = 84 - 82. Let v(r) = 138*r**3 + 3*r**2 + 4*r - 3. Is v(m) prime?
False
Suppose 5*s - 52 = -42. Let k be s - (1 + -5 - -5). Is (-1)/((-2)/118*k) composite?
False
Let v(h) = 8*h**2 + 43*h + 10. Let j(f) = 5*f**2 + 29*f + 7. Let g(k) = -7*j(k) + 5*v(k). Is g(3) prime?
False
Let s(a) = 31*a**2 + 3*a - 27. Is s(5) prime?
False
Suppose -4*d + 5*d - j - 85 = 0, 2*j = 0. Let c = 26 + d. Is c composite?
True
Suppose 1768 = -8*o - 1872. Suppose 16 = 4*t, -2*k - t + 0*t + 1428 = 0. Let f = o + k. Is f a prime number?
True
Let t(d) = d**2 + 5*d + 14. Let u be t(7). Suppose -u = 11*z - 340. Is z a prime number?
False
Let p(n) = 10*n**2 - 10*n - 5. Let z be p(-7). Suppose -4*t - t = 0. Suppose 4*f - 2107 + z = -3*q, t = 2*f + q - 778. Is f prime?
False
Let i(v) = -3*v. Let l be i(-1). Suppose 0 = -l*r + 2*m + 1297, -3*r - 4*m + 1716 = r. Is r a composite number?
False
Let q = 35797 + -23358. Is q composite?
True
Is 2/(2 - 2 - 2/(-329)) a prime number?
False
Let f = 53 - 51. Let s = -7 + 1. Is 187/f + (-3)/s a prime number?
False
Suppose 2*h + 5*p = 102, 0*h - 51 = -h - 4*p. Suppose -46*q - 2345 = -h*q. Is q a prime number?
False
Suppose 0 = -4*l - 20, -416 = -q + 2*l + 33. Let k = 830 - q. Is k a prime number?
False
Suppose -2*y + 1031 = 3*r - 8120, -4*y - r = -18327. Is y prime?
True
Let n(o) = 4*o**3 + 7*o**2 - 6*o - 10. Let h be n(6). Suppose 2*j - 5*d = h + 699, 3*d = 4*j - 3517. Is j a composite number?
False
Suppose j + 2*a - 1578 + 493 = 0, 2*j = 2*a + 2176. Is j a composite number?
False
Suppose 0 = 7*j - 1145 - 3692. Is j a composite number?
False
Is 650/75*(-807)/(-2) a prime number?
False
Let b be ((-8)/6)/((-2)/2103). Suppose 23*u - 10654 = -26363. Let i = b + u. Is i a prime number?
True
Suppose -4*b - 4602 + 1290 = 0. Let h = 1285 + b. Is h a prime number?
True
Suppose -3*t + 4*b + 13 = -12, t - 4*b - 19 = 0. Let r(m) = 4*m - 8*m**3 - 2*m**2 - 13*m**3 + 1 + 0*m**3 + 5*m**t. Is r(-3) composite?
True
Let h be (27/(-45))/(1/(-5)). Let f be 9/6*22/h. Let c = f + 78. Is c prime?
True
Let g = 531 - -878. Is g a composite number?
False
Suppose 5*i - 36245 = -2*q, -i = 4*i - 3*q - 36220. Is i prime?
True
Let m = -13 + 13. Suppose m = 4*f + 8*d - 3*d - 2, -3*d = 6. Suppose 5*q - 3718 = 3*t, f*q + 5*t - 3710 = -2*q. Is q a composite number?
False
Suppose 7*n - 41957 = 24060. Is n a composite number?
False
Let w(p) = -3*p**2 + 80*p**3 - 3*p + 9*p - 26*p**3 - 3 + 16*p**3. Is w(2) prime?
True
Let s be -80908*5/(-35) - (-4)/(-14). Is ((-4)/(-6)*3)/4*s a prime number?
True
Suppose 3*i - 34 = -2*m, 4*i - 50 = -0*i - 5*m. Suppose -3*s - 2779 = -i*s. Is s prime?
True
Suppose -3263 = 2*o - 3*o - 4*s, 4*o = s + 13052. Is o a prime number?
False
Is ((-150759)/(-36))/7*(1 + 3) composite?
False
Suppose -7*p + 2*p - 1960 = 0. Is 2 + 1 + (2 - p) prime?
True
Let f(s) = -6120*s - 137. Is f(-5) prime?
False
Suppose 4*p - 3*p = 0. Suppose v + 3*v - 2*w + 3332 = 0, -2*w - 8 = p. Let c = -570 - v. Is c a prime number?
False
Let y(s) = s**2 + s. Let h be 4 + 2 + 24/(-3). Let k be y(h). Is (-2253)/(-9) - k/(-3) composite?
False
Suppose 0 = -4*o - 2*c + 119788, -o = 27*c - 28*c - 29947. Is o composite?
False
Is 9094/(-12)*-2 - 56/(-42) a composite number?
True
Suppose f = -4*c + 4, -4*f - c + 28 = 3*c. Suppose 5*k + i = 12897, -5*k + f*k = -4*i + 7745. Is k a prime number?
True
Suppose 20 = -2*i + 4*i. Suppose -2*n = -6*n + 3*x - 30, 3*n = -4*x - i. Let g = n + 93. Is g a composite number?
True
Suppose 9*d - 143 = -53. Suppose d*k - 8*k + w - 1346 = 0, -3*w - 2692 = -4*k. Is k composite?
False
Suppose -5*v + 4*s + 367 = 1291, 555 = -3*v + 3*s. Is 1 + v/(3/(-3)) - -2 prime?
False
Let j be -6*8*15/(-18). Suppose -h = -3*m + 12, h + 4*h = -5*m + j. Is 15/10*158/h a composite number?
False
Let d = -24121 - -40848. Is d prime?
